[INFO] fetching crate sss 0.0.0...
[INFO] checking sss-0.0.0 against try#72f88fc4e9458f89516a0b8b0868f3718aec5b47 for pr-74989
[INFO] extracting crate sss 0.0.0 into /workspace/builds/worker-1/source
[INFO] validating manifest of crates.io crate sss 0.0.0 on toolchain 72f88fc4e9458f89516a0b8b0868f3718aec5b47
[INFO] running `Command { std: "/workspace/cargo-home/bin/cargo" "+72f88fc4e9458f89516a0b8b0868f3718aec5b47" "read-manifest" "--manifest-path" "Cargo.toml", kill_on_drop: false }`
[INFO] started tweaking crates.io crate sss 0.0.0
[INFO] finished tweaking crates.io crate sss 0.0.0
[INFO] tweaked toml for crates.io crate sss 0.0.0 written to /workspace/builds/worker-1/source/Cargo.toml
[INFO] running `Command { std: "/workspace/cargo-home/bin/cargo" "+72f88fc4e9458f89516a0b8b0868f3718aec5b47" "generate-lockfile" "--manifest-path" "Cargo.toml" "-Zno-index-update", kill_on_drop: false }`
[INFO] running `Command { std: "/workspace/cargo-home/bin/cargo" "+72f88fc4e9458f89516a0b8b0868f3718aec5b47" "fetch" "--locked" "--manifest-path" "Cargo.toml", kill_on_drop: false }`
[INFO] running `Command { std: "docker" "create" "-v" "/var/lib/crater-agent-workspace/builds/worker-1/target:/opt/rustwide/target:rw,Z" "-v" "/var/lib/crater-agent-workspace/builds/worker-1/source:/opt/rustwide/workdir:ro,Z" "-v" "/var/lib/crater-agent-workspace/cargo-home:/opt/rustwide/cargo-home:ro,Z" "-v" "/var/lib/crater-agent-workspace/rustup-home:/opt/rustwide/rustup-home:ro,Z" "-e" "SOURCE_DIR=/opt/rustwide/workdir" "-e" "CARGO_TARGET_DIR=/opt/rustwide/target" "-e" "CARGO_HOME=/opt/rustwide/cargo-home" "-e" "RUSTUP_HOME=/opt/rustwide/rustup-home" "-w" "/opt/rustwide/workdir" "-m" "1610612736" "--user" "0:0" "--network" "none" "rustops/crates-build-env@sha256:d92eaeed33fa75130ca1ee6c8a01d1ffb62bac859dfdfb3450e3e5d1c0146529" "/opt/rustwide/cargo-home/bin/cargo" "+72f88fc4e9458f89516a0b8b0868f3718aec5b47" "metadata" "--no-deps" "--format-version=1", kill_on_drop: false }`
[INFO] [stdout] 39909581886c63bf379f86401bda69a2984a07966ee584e56a2e0682ea00607f
[INFO] [stderr] WARNING: Your kernel does not support swap limit capabilities or the cgroup is not mounted. Memory limited without swap.
[INFO] running `Command { std: "docker" "start" "-a" "39909581886c63bf379f86401bda69a2984a07966ee584e56a2e0682ea00607f", kill_on_drop: false }`
[INFO] running `Command { std: "docker" "inspect" "39909581886c63bf379f86401bda69a2984a07966ee584e56a2e0682ea00607f", kill_on_drop: false }`
[INFO] running `Command { std: "docker" "rm" "-f" "39909581886c63bf379f86401bda69a2984a07966ee584e56a2e0682ea00607f", kill_on_drop: false }`
[INFO] [stdout] 39909581886c63bf379f86401bda69a2984a07966ee584e56a2e0682ea00607f
[INFO] running `Command { std: "docker" "create" "-v" "/var/lib/crater-agent-workspace/builds/worker-1/target:/opt/rustwide/target:rw,Z" "-v" "/var/lib/crater-agent-workspace/builds/worker-1/source:/opt/rustwide/workdir:ro,Z" "-v" "/var/lib/crater-agent-workspace/cargo-home:/opt/rustwide/cargo-home:ro,Z" "-v" "/var/lib/crater-agent-workspace/rustup-home:/opt/rustwide/rustup-home:ro,Z" "-e" "SOURCE_DIR=/opt/rustwide/workdir" "-e" "CARGO_TARGET_DIR=/opt/rustwide/target" "-e" "CARGO_INCREMENTAL=0" "-e" "RUST_BACKTRACE=full" "-e" "RUSTFLAGS=--cap-lints=forbid" "-e" "CARGO_HOME=/opt/rustwide/cargo-home" "-e" "RUSTUP_HOME=/opt/rustwide/rustup-home" "-w" "/opt/rustwide/workdir" "-m" "1610612736" "--user" "0:0" "--network" "none" "rustops/crates-build-env@sha256:d92eaeed33fa75130ca1ee6c8a01d1ffb62bac859dfdfb3450e3e5d1c0146529" "/opt/rustwide/cargo-home/bin/cargo" "+72f88fc4e9458f89516a0b8b0868f3718aec5b47" "check" "--frozen" "--all" "--all-targets" "--message-format=json", kill_on_drop: false }`
[INFO] [stdout] ead4cf3b020826c83ce95858e01087f836f0f68f42fc74ca1387092127853429
[INFO] [stderr] WARNING: Your kernel does not support swap limit capabilities or the cgroup is not mounted. Memory limited without swap.
[INFO] running `Command { std: "docker" "start" "-a" "ead4cf3b020826c83ce95858e01087f836f0f68f42fc74ca1387092127853429", kill_on_drop: false }`
[INFO] [stderr]    Compiling autocfg v1.0.1
[INFO] [stderr]    Compiling libc v0.2.77
[INFO] [stderr]    Compiling proc-macro2 v1.0.21
[INFO] [stderr]    Compiling unicode-xid v0.2.1
[INFO] [stderr]     Checking lazy_static v1.4.0
[INFO] [stderr]    Compiling memchr v2.3.3
[INFO] [stderr]     Checking futures-core v0.3.5
[INFO] [stderr]     Checking slab v0.4.2
[INFO] [stderr]     Checking itoa v0.4.6
[INFO] [stderr]     Checking hashbrown v0.9.0
[INFO] [stderr]     Checking pin-utils v0.1.0
[INFO] [stderr]    Compiling bitflags v1.2.1
[INFO] [stderr]    Compiling rust-crypto v0.2.36
[INFO] [stderr]     Checking log v0.4.11
[INFO] [stderr]     Checking tracing-core v0.1.16
[INFO] [stderr]     Checking futures-channel v0.3.5
[INFO] [stderr]     Checking http v0.2.1
[INFO] [stderr]     Checking want v0.3.0
[INFO] [stderr]     Checking tracing v0.1.19
[INFO] [stderr]    Compiling indexmap v1.6.0
[INFO] [stderr]    Compiling openssl-sys v0.9.58
[INFO] [stderr]    Compiling num-traits v0.2.12
[INFO] [stderr]    Compiling num-integer v0.1.43
[INFO] [stderr]    Compiling quote v1.0.7
[INFO] [stderr]    Compiling openssl v0.10.30
[INFO] [stderr]    Compiling syn v1.0.40
[INFO] [stderr]     Checking iovec v0.1.4
[INFO] [stderr]     Checking net2 v0.2.35
[INFO] [stderr]     Checking time v0.1.44
[INFO] [stderr]     Checking rand v0.4.6
[INFO] [stderr]     Checking socket2 v0.3.15
[INFO] [stderr]     Checking mio v0.6.22
[INFO] [stderr]     Checking chrono v0.4.15
[INFO] [stderr]     Checking rand v0.3.23
[INFO] [stderr]     Checking tokio v0.2.22
[INFO] [stderr]     Checking http-body v0.3.1
[INFO] [stderr]     Checking tokio-util v0.3.1
[INFO] [stderr]    Compiling pin-project-internal v0.4.23
[INFO] [stderr]     Checking pin-project v0.4.23
[INFO] [stderr]     Checking futures-util v0.3.5
[INFO] [stderr]     Checking h2 v0.2.6
[INFO] [stderr]     Checking hyper v0.13.7
[INFO] [stderr]     Checking sss v0.0.0 (/opt/rustwide/workdir)
[INFO] [stdout] error[E0432]: unresolved import `hyper::client::request`
[INFO] [stdout]  --> src/connection.rs:1:20
[INFO] [stdout]   |
[INFO] [stdout] 1 | use hyper::client::request::Request;
[INFO] [stdout]   |                    ^^^^^^^ could not find `request` in `client`
[INFO] [stdout] 
[INFO] [stdout] 
[INFO] [stdout] error[E0432]: unresolved import `hyper::header::Headers`
[INFO] [stdout]  --> src/connection.rs:3:5
[INFO] [stdout]   |
[INFO] [stdout] 3 | use hyper::header::Headers;
[INFO] [stdout]   |     ^^^^^^^^^^^^^^^^^^^^^^ no `Headers` in `header`
[INFO] [stdout] 
[INFO] [stdout] 
[INFO] [stdout] error[E0432]: unresolved import `hyper::header::HeaderView`
[INFO] [stdout]  --> src/connection.rs:4:5
[INFO] [stdout]   |
[INFO] [stdout] 4 | use hyper::header::HeaderView;
[INFO] [stdout]   |     ^^^^^^^^^^^^^^^^^^^^^^^^^ no `HeaderView` in `header`
[INFO] [stdout] 
[INFO] [stdout] 
[INFO] [stdout] error[E0432]: unresolved import `hyper::net`
[INFO] [stdout]  --> src/connection.rs:5:12
[INFO] [stdout]   |
[INFO] [stdout] 5 | use hyper::net::Fresh;
[INFO] [stdout]   |            ^^^ could not find `net` in `hyper`
[INFO] [stdout] 
[INFO] [stdout] 
[INFO] [stdout] error[E0432]: unresolved import `hyper::Url`
[INFO] [stdout]  --> src/connection.rs:6:5
[INFO] [stdout]   |
[INFO] [stdout] 6 | use hyper::Url;
[INFO] [stdout]   |     ^^^^^^^---
[INFO] [stdout]   |     |      |
[INFO] [stdout]   |     |      help: a similar name exists in the module: `Uri`
[INFO] [stdout]   |     no `Url` in the root
[INFO] [stdout] 
[INFO] [stdout] 
[INFO] [stdout] error[E0432]: unresolved import `chrono::UTC`
[INFO] [stdout]   --> src/connection.rs:12:5
[INFO] [stdout]    |
[INFO] [stdout] 12 | use chrono::UTC;
[INFO] [stdout]    |     ^^^^^^^^^^^ no `UTC` in the root
[INFO] [stdout] 
[INFO] [stdout] 
[INFO] [stdout] error[E0432]: unresolved import `openssl::crypto`
[INFO] [stdout]   --> src/connection.rs:16:14
[INFO] [stdout]    |
[INFO] [stdout] 16 | use openssl::crypto::hash;
[INFO] [stdout]    |              ^^^^^^ could not find `crypto` in `openssl`
[INFO] [stdout] 
[INFO] [stdout] 
[INFO] [stdout] error[E0432]: unresolved import `openssl::crypto`
[INFO] [stdout]   --> src/connection.rs:17:14
[INFO] [stdout]    |
[INFO] [stdout] 17 | use openssl::crypto::hmac;
[INFO] [stdout]    |              ^^^^^^ could not find `crypto` in `openssl`
[INFO] [stdout] 
[INFO] [stdout] 
[INFO] [stdout] error: cannot find macro `header` in this scope
[INFO] [stdout]   --> src/connection.rs:20:1
[INFO] [stdout]    |
[INFO] [stdout] 20 | header! { (XAMZHash, "x-amz-content-sha256") => [String] }
[INFO] [stdout]    | ^^^^^^
[INFO] [stdout] 
[INFO] [stdout] 
[INFO] [stdout] error: cannot find macro `header` in this scope
[INFO] [stdout]   --> src/connection.rs:21:1
[INFO] [stdout]    |
[INFO] [stdout] 21 | header! { (XAMZDate, "x-amz-date") => [String] }
[INFO] [stdout]    | ^^^^^^
[INFO] [stdout] 
[INFO] [stdout] 
[INFO] [stdout] error: cannot find macro `header` in this scope
[INFO] [stdout]   --> src/connection.rs:22:1
[INFO] [stdout]    |
[INFO] [stdout] 22 | header! { (Authorization, "Authorization") => [String] }
[INFO] [stdout]    | ^^^^^^
[INFO] [stdout] 
[INFO] [stdout] 
[INFO] [stdout] error[E0432]: unresolved import `hyper::client::request`
[INFO] [stdout]  --> src/connection.rs:1:20
[INFO] [stdout]   |
[INFO] [stdout] 1 | use hyper::client::request::Request;
[INFO] [stdout]   |                    ^^^^^^^ could not find `request` in `client`
[INFO] [stdout] 
[INFO] [stdout] 
[INFO] [stdout] error[E0432]: unresolved import `hyper::header::Headers`
[INFO] [stdout]  --> src/connection.rs:3:5
[INFO] [stdout]   |
[INFO] [stdout] 3 | use hyper::header::Headers;
[INFO] [stdout]   |     ^^^^^^^^^^^^^^^^^^^^^^ no `Headers` in `header`
[INFO] [stdout] 
[INFO] [stdout] 
[INFO] [stdout] error[E0432]: unresolved import `hyper::header::HeaderView`
[INFO] [stdout]  --> src/connection.rs:4:5
[INFO] [stdout]   |
[INFO] [stdout] 4 | use hyper::header::HeaderView;
[INFO] [stdout]   |     ^^^^^^^^^^^^^^^^^^^^^^^^^ no `HeaderView` in `header`
[INFO] [stdout] 
[INFO] [stdout] 
[INFO] [stdout] error[E0432]: unresolved import `hyper::net`
[INFO] [stdout]  --> src/connection.rs:5:12
[INFO] [stdout]   |
[INFO] [stdout] 5 | use hyper::net::Fresh;
[INFO] [stdout]   |            ^^^ could not find `net` in `hyper`
[INFO] [stdout] 
[INFO] [stdout] 
[INFO] [stdout] error[E0432]: unresolved import `hyper::Url`
[INFO] [stdout]  --> src/connection.rs:6:5
[INFO] [stdout]   |
[INFO] [stdout] 6 | use hyper::Url;
[INFO] [stdout]   |     ^^^^^^^---
[INFO] [stdout]   |     |      |
[INFO] [stdout]   |     |      help: a similar name exists in the module: `Uri`
[INFO] [stdout]   |     no `Url` in the root
[INFO] [stdout] 
[INFO] [stdout] 
[INFO] [stdout] error[E0432]: unresolved import `chrono::UTC`
[INFO] [stdout]   --> src/connection.rs:12:5
[INFO] [stdout]    |
[INFO] [stdout] 12 | use chrono::UTC;
[INFO] [stdout]    |     ^^^^^^^^^^^ no `UTC` in the root
[INFO] [stdout] 
[INFO] [stdout] 
[INFO] [stdout] error[E0432]: unresolved import `openssl::crypto`
[INFO] [stdout]   --> src/connection.rs:16:14
[INFO] [stdout]    |
[INFO] [stdout] 16 | use openssl::crypto::hash;
[INFO] [stdout]    |              ^^^^^^ could not find `crypto` in `openssl`
[INFO] [stdout] 
[INFO] [stdout] 
[INFO] [stdout] error[E0432]: unresolved import `openssl::crypto`
[INFO] [stdout]   --> src/connection.rs:17:14
[INFO] [stdout]    |
[INFO] [stdout] 17 | use openssl::crypto::hmac;
[INFO] [stdout]    |              ^^^^^^ could not find `crypto` in `openssl`
[INFO] [stdout] 
[INFO] [stdout] 
[INFO] [stdout] error: cannot find macro `header` in this scope
[INFO] [stdout]   --> src/connection.rs:20:1
[INFO] [stdout]    |
[INFO] [stdout] 20 | header! { (XAMZHash, "x-amz-content-sha256") => [String] }
[INFO] [stdout]    | ^^^^^^
[INFO] [stdout] 
[INFO] [stdout] 
[INFO] [stdout] error: cannot find macro `header` in this scope
[INFO] [stdout]   --> src/connection.rs:21:1
[INFO] [stdout]    |
[INFO] [stdout] 21 | header! { (XAMZDate, "x-amz-date") => [String] }
[INFO] [stdout]    | ^^^^^^
[INFO] [stdout] 
[INFO] [stdout] 
[INFO] [stdout] error: cannot find macro `header` in this scope
[INFO] [stdout]   --> src/connection.rs:22:1
[INFO] [stdout]    |
[INFO] [stdout] 22 | header! { (Authorization, "Authorization") => [String] }
[INFO] [stdout]    | ^^^^^^
[INFO] [stdout] 
[INFO] [stdout] 
[INFO] [stdout] error[E0433]: failed to resolve: could not find `status` in `hyper`
[INFO] [stdout]   --> src/bucket.rs:63:38
[INFO] [stdout]    |
[INFO] [stdout] 63 |         if response.status == hyper::status::StatusCode::Ok {
[INFO] [stdout]    |                                      ^^^^^^ could not find `status` in `hyper`
[INFO] [stdout] 
[INFO] [stdout] 
[INFO] [stdout] error[E0433]: failed to resolve: could not find `net` in `hyper`
[INFO] [stdout]   --> src/bucket.rs:77:63
[INFO] [stdout]    |
[INFO] [stdout] 77 |     fn request(&self) -> Result<hyper::client::Request<hyper::net::Fresh>, Error> {
[INFO] [stdout]    |                                                               ^^^ could not find `net` in `hyper`
[INFO] [stdout] 
[INFO] [stdout] 
[INFO] [stdout] error[E0433]: failed to resolve: could not find `Url` in `hyper`
[INFO] [stdout]   --> src/bucket.rs:78:26
[INFO] [stdout]    |
[INFO] [stdout] 78 |         let url = hyper::Url::parse(&self.bucket.object_url(&self.path))
[INFO] [stdout]    |                          ^^^ could not find `Url` in `hyper`
[INFO] [stdout] 
[INFO] [stdout] 
[INFO] [stdout] error[E0433]: failed to resolve: could not find `method` in `hyper`
[INFO] [stdout]   --> src/bucket.rs:80:62
[INFO] [stdout]    |
[INFO] [stdout] 80 |         let mut request = hyper::client::Request::new(hyper::method::Method::Get, url).ok().expect("could not create request");
[INFO] [stdout]    |                                                              ^^^^^^ could not find `method` in `hyper`
[INFO] [stdout] 
[INFO] [stdout] 
[INFO] [stdout] error[E0433]: failed to resolve: could not find `status` in `hyper`
[INFO] [stdout]   --> src/bucket.rs:63:38
[INFO] [stdout]    |
[INFO] [stdout] 63 |         if response.status == hyper::status::StatusCode::Ok {
[INFO] [stdout]    |                                      ^^^^^^ could not find `status` in `hyper`
[INFO] [stdout] 
[INFO] [stdout] 
[INFO] [stdout] error[E0433]: failed to resolve: could not find `net` in `hyper`
[INFO] [stdout]   --> src/bucket.rs:77:63
[INFO] [stdout]    |
[INFO] [stdout] 77 |     fn request(&self) -> Result<hyper::client::Request<hyper::net::Fresh>, Error> {
[INFO] [stdout]    |                                                               ^^^ could not find `net` in `hyper`
[INFO] [stdout] 
[INFO] [stdout] 
[INFO] [stdout] error[E0425]: cannot find function, tuple struct or tuple variant `XAMZHash` in this scope
[INFO] [stdout]   --> src/connection.rs:88:25
[INFO] [stdout]    |
[INFO] [stdout] 88 |             headers.set(XAMZHash(payload_hash.to_owned()));
[INFO] [stdout]    |                         ^^^^^^^^ not found in this scope
[INFO] [stdout] 
[INFO] [stdout] 
[INFO] [stdout] error[E0425]: cannot find function, tuple struct or tuple variant `XAMZDate` in this scope
[INFO] [stdout]   --> src/connection.rs:89:25
[INFO] [stdout]    |
[INFO] [stdout] 89 |             headers.set(XAMZDate(self.timestamp(&dt)));
[INFO] [stdout]    |                         ^^^^^^^^ not found in this scope
[INFO] [stdout] 
[INFO] [stdout] 
[INFO] [stdout] error[E0425]: cannot find function, tuple struct or tuple variant `Authorization` in this scope
[INFO] [stdout]   --> src/connection.rs:99:25
[INFO] [stdout]    |
[INFO] [stdout] 99 |             headers.set(Authorization(auth.to_owned()));
[INFO] [stdout]    |                         ^^^^^^^^^^^^^ not found in this scope
[INFO] [stdout] 
[INFO] [stdout] 
[INFO] [stdout] error[E0412]: cannot find type `Headers` in module `hyper::header`
[INFO] [stdout]   --> src/bucket.rs:86:57
[INFO] [stdout]    |
[INFO] [stdout] 86 |     fn fill_headers(&self, headers: &mut hyper::header::Headers) {
[INFO] [stdout]    |                                                         ^^^^^^^ not found in `hyper::header`
[INFO] [stdout] 
[INFO] [stdout] 
[INFO] [stdout] error[E0603]: struct `Response` is private
[INFO] [stdout]   --> src/connection.rs:2:20
[INFO] [stdout]    |
[INFO] [stdout] 2  | use hyper::client::Response;
[INFO] [stdout]    |                    ^^^^^^^^ private struct
[INFO] [stdout]    |
[INFO] [stdout] note: the struct `Response` is defined here
[INFO] [stdout]   --> /opt/rustwide/cargo-home/registry/src/github.com-1ecc6299db9ec823/hyper-0.13.7/src/client/mod.rs:60:29
[INFO] [stdout]    |
[INFO] [stdout] 60 | use http::{Method, Request, Response, Uri, Version};
[INFO] [stdout]    |                             ^^^^^^^^
[INFO] [stdout] 
[INFO] [stdout] 
[INFO] [stdout] error[E0603]: struct `Response` is private
[INFO] [stdout]   --> src/bucket.rs:56:49
[INFO] [stdout]    |
[INFO] [stdout] 56 |     pub fn send(&self) -> Result<hyper::client::Response, hyper::error::Error> {
[INFO] [stdout]    |                                                 ^^^^^^^^ private struct
[INFO] [stdout]    |
[INFO] [stdout] note: the struct `Response` is defined here
[INFO] [stdout]   --> /opt/rustwide/cargo-home/registry/src/github.com-1ecc6299db9ec823/hyper-0.13.7/src/client/mod.rs:60:29
[INFO] [stdout]    |
[INFO] [stdout] 60 | use http::{Method, Request, Response, Uri, Version};
[INFO] [stdout]    |                             ^^^^^^^^
[INFO] [stdout] 
[INFO] [stdout] 
[INFO] [stdout] error[E0603]: struct `Request` is private
[INFO] [stdout]   --> src/bucket.rs:77:48
[INFO] [stdout]    |
[INFO] [stdout] 77 |     fn request(&self) -> Result<hyper::client::Request<hyper::net::Fresh>, Error> {
[INFO] [stdout]    |                                                ^^^^^^^ private struct
[INFO] [stdout]    |
[INFO] [stdout] note: the struct `Request` is defined here
[INFO] [stdout]   --> /opt/rustwide/cargo-home/registry/src/github.com-1ecc6299db9ec823/hyper-0.13.7/src/client/mod.rs:60:20
[INFO] [stdout]    |
[INFO] [stdout] 60 | use http::{Method, Request, Response, Uri, Version};
[INFO] [stdout]    |                    ^^^^^^^
[INFO] [stdout] 
[INFO] [stdout] 
[INFO] [stdout] error[E0603]: struct `Request` is private
[INFO] [stdout]   --> src/bucket.rs:80:42
[INFO] [stdout]    |
[INFO] [stdout] 80 |         let mut request = hyper::client::Request::new(hyper::method::Method::Get, url).ok().expect("could not create request");
[INFO] [stdout]    |                                          ^^^^^^^ private struct
[INFO] [stdout]    |
[INFO] [stdout] note: the struct `Request` is defined here
[INFO] [stdout]   --> /opt/rustwide/cargo-home/registry/src/github.com-1ecc6299db9ec823/hyper-0.13.7/src/client/mod.rs:60:20
[INFO] [stdout]    |
[INFO] [stdout] 60 | use http::{Method, Request, Response, Uri, Version};
[INFO] [stdout]    |                    ^^^^^^^
[INFO] [stdout] 
[INFO] [stdout] 
[INFO] [stdout] warning: unused `#[macro_use]` import
[INFO] [stdout]  --> src/lib.rs:3:1
[INFO] [stdout]   |
[INFO] [stdout] 3 | #[macro_use]
[INFO] [stdout]   | ^^^^^^^^^^^^
[INFO] [stdout]   |
[INFO] [stdout]   = note: `#[warn(unused_imports)]` on by default
[INFO] [stdout] 
[INFO] [stdout] 
[INFO] [stdout] error[E0433]: failed to resolve: could not find `Url` in `hyper`
[INFO] [stdout]   --> src/bucket.rs:78:26
[INFO] [stdout]    |
[INFO] [stdout] 78 |         let url = hyper::Url::parse(&self.bucket.object_url(&self.path))
[INFO] [stdout]    |                          ^^^ could not find `Url` in `hyper`
[INFO] [stdout] 
[INFO] [stdout] 
[INFO] [stdout] error[E0433]: failed to resolve: could not find `method` in `hyper`
[INFO] [stdout]   --> src/bucket.rs:80:62
[INFO] [stdout]    |
[INFO] [stdout] 80 |         let mut request = hyper::client::Request::new(hyper::method::Method::Get, url).ok().expect("could not create request");
[INFO] [stdout]    |                                                              ^^^^^^ could not find `method` in `hyper`
[INFO] [stdout] 
[INFO] [stdout] 
[INFO] [stdout] error[E0425]: cannot find function, tuple struct or tuple variant `XAMZHash` in this scope
[INFO] [stdout]   --> src/connection.rs:88:25
[INFO] [stdout]    |
[INFO] [stdout] 88 |             headers.set(XAMZHash(payload_hash.to_owned()));
[INFO] [stdout]    |                         ^^^^^^^^ not found in this scope
[INFO] [stdout] 
[INFO] [stdout] 
[INFO] [stdout] error[E0425]: cannot find function, tuple struct or tuple variant `XAMZDate` in this scope
[INFO] [stdout]   --> src/connection.rs:89:25
[INFO] [stdout]    |
[INFO] [stdout] 89 |             headers.set(XAMZDate(self.timestamp(&dt)));
[INFO] [stdout]    |                         ^^^^^^^^ not found in this scope
[INFO] [stdout] 
[INFO] [stdout] 
[INFO] [stdout] error[E0425]: cannot find function, tuple struct or tuple variant `Authorization` in this scope
[INFO] [stdout]   --> src/connection.rs:99:25
[INFO] [stdout]    |
[INFO] [stdout] 99 |             headers.set(Authorization(auth.to_owned()));
[INFO] [stdout]    |                         ^^^^^^^^^^^^^ not found in this scope
[INFO] [stdout] 
[INFO] [stdout] 
[INFO] [stdout] error[E0412]: cannot find type `Headers` in module `hyper::header`
[INFO] [stdout]   --> src/bucket.rs:86:57
[INFO] [stdout]    |
[INFO] [stdout] 86 |     fn fill_headers(&self, headers: &mut hyper::header::Headers) {
[INFO] [stdout]    |                                                         ^^^^^^^ not found in `hyper::header`
[INFO] [stdout] 
[INFO] [stdout] 
[INFO] [stdout] error[E0603]: struct `Response` is private
[INFO] [stdout]   --> src/connection.rs:2:20
[INFO] [stdout]    |
[INFO] [stdout] 2  | use hyper::client::Response;
[INFO] [stdout]    |                    ^^^^^^^^ private struct
[INFO] [stdout]    |
[INFO] [stdout] note: the struct `Response` is defined here
[INFO] [stdout]   --> /opt/rustwide/cargo-home/registry/src/github.com-1ecc6299db9ec823/hyper-0.13.7/src/client/mod.rs:60:29
[INFO] [stdout]    |
[INFO] [stdout] 60 | use http::{Method, Request, Response, Uri, Version};
[INFO] [stdout]    |                             ^^^^^^^^
[INFO] [stdout] 
[INFO] [stdout] 
[INFO] [stdout] error[E0603]: struct `Response` is private
[INFO] [stdout]   --> src/bucket.rs:56:49
[INFO] [stdout]    |
[INFO] [stdout] 56 |     pub fn send(&self) -> Result<hyper::client::Response, hyper::error::Error> {
[INFO] [stdout]    |                                                 ^^^^^^^^ private struct
[INFO] [stdout]    |
[INFO] [stdout] note: the struct `Response` is defined here
[INFO] [stdout]   --> /opt/rustwide/cargo-home/registry/src/github.com-1ecc6299db9ec823/hyper-0.13.7/src/client/mod.rs:60:29
[INFO] [stdout]    |
[INFO] [stdout] 60 | use http::{Method, Request, Response, Uri, Version};
[INFO] [stdout]    |                             ^^^^^^^^
[INFO] [stdout] 
[INFO] [stdout] 
[INFO] [stdout] error[E0603]: struct `Request` is private
[INFO] [stdout]   --> src/bucket.rs:77:48
[INFO] [stdout]    |
[INFO] [stdout] 77 |     fn request(&self) -> Result<hyper::client::Request<hyper::net::Fresh>, Error> {
[INFO] [stdout]    |                                                ^^^^^^^ private struct
[INFO] [stdout]    |
[INFO] [stdout] note: the struct `Request` is defined here
[INFO] [stdout]   --> /opt/rustwide/cargo-home/registry/src/github.com-1ecc6299db9ec823/hyper-0.13.7/src/client/mod.rs:60:20
[INFO] [stdout]    |
[INFO] [stdout] 60 | use http::{Method, Request, Response, Uri, Version};
[INFO] [stdout]    |                    ^^^^^^^
[INFO] [stdout] 
[INFO] [stdout] 
[INFO] [stdout] error[E0603]: struct `Request` is private
[INFO] [stdout]   --> src/bucket.rs:80:42
[INFO] [stdout]    |
[INFO] [stdout] 80 |         let mut request = hyper::client::Request::new(hyper::method::Method::Get, url).ok().expect("could not create request");
[INFO] [stdout]    |                                          ^^^^^^^ private struct
[INFO] [stdout]    |
[INFO] [stdout] note: the struct `Request` is defined here
[INFO] [stdout]   --> /opt/rustwide/cargo-home/registry/src/github.com-1ecc6299db9ec823/hyper-0.13.7/src/client/mod.rs:60:20
[INFO] [stdout]    |
[INFO] [stdout] 60 | use http::{Method, Request, Response, Uri, Version};
[INFO] [stdout]    |                    ^^^^^^^
[INFO] [stdout] 
[INFO] [stdout] 
[INFO] [stdout] warning: unused `#[macro_use]` import
[INFO] [stdout]  --> src/lib.rs:3:1
[INFO] [stdout]   |
[INFO] [stdout] 3 | #[macro_use]
[INFO] [stdout]   | ^^^^^^^^^^^^
[INFO] [stdout]   |
[INFO] [stdout]   = note: `#[warn(unused_imports)]` on by default
[INFO] [stdout] 
[INFO] [stdout] 
[INFO] [stdout] warning: use of deprecated trait `std::ascii::AsciiExt`: use inherent methods instead
[INFO] [stdout]  --> src/connection.rs:8:5
[INFO] [stdout]   |
[INFO] [stdout] 8 | use std::ascii::AsciiExt;
[INFO] [stdout]   |     ^^^^^^^^^^^^^^^^^^^^
[INFO] [stdout]   |
[INFO] [stdout]   = note: `#[warn(deprecated)]` on by default
[INFO] [stdout] 
[INFO] [stdout] 
[INFO] [stdout] error[E0107]: wrong number of type arguments: expected 1, found 0
[INFO] [stdout]   --> src/bucket.rs:56:34
[INFO] [stdout]    |
[INFO] [stdout] 56 |     pub fn send(&self) -> Result<hyper::client::Response, hyper::error::Error> {
[INFO] [stdout]    |                                  ^^^^^^^^^^^^^^^^^^^^^^^ expected 1 type argument
[INFO] [stdout] 
[INFO] [stdout] 
[INFO] [stdout] error: aborting due to 24 previous errors; 2 warnings emitted
[INFO] [stdout] 
[INFO] [stdout] 
[INFO] [stdout] Some errors have detailed explanations: E0107, E0412, E0425, E0432, E0433, E0603.
[INFO] [stdout] 
[INFO] [stdout] For more information about an error, try `rustc --explain E0107`.
[INFO] [stdout] 
[INFO] [stderr] error: could not compile `sss`.
[INFO] [stderr] 
[INFO] [stderr] To learn more, run the command again with --verbose.
[INFO] [stderr] warning: build failed, waiting for other jobs to finish...
[INFO] [stdout] warning: use of deprecated trait `std::ascii::AsciiExt`: use inherent methods instead
[INFO] [stdout]  --> src/connection.rs:8:5
[INFO] [stdout]   |
[INFO] [stdout] 8 | use std::ascii::AsciiExt;
[INFO] [stdout]   |     ^^^^^^^^^^^^^^^^^^^^
[INFO] [stdout]   |
[INFO] [stdout]   = note: `#[warn(deprecated)]` on by default
[INFO] [stdout] 
[INFO] [stdout] 
[INFO] [stdout] error[E0107]: wrong number of type arguments: expected 1, found 0
[INFO] [stdout]   --> src/bucket.rs:56:34
[INFO] [stdout]    |
[INFO] [stdout] 56 |     pub fn send(&self) -> Result<hyper::client::Response, hyper::error::Error> {
[INFO] [stdout]    |                                  ^^^^^^^^^^^^^^^^^^^^^^^ expected 1 type argument
[INFO] [stdout] 
[INFO] [stdout] 
[INFO] [stdout] error: aborting due to 24 previous errors; 2 warnings emitted
[INFO] [stdout] 
[INFO] [stdout] 
[INFO] [stdout] Some errors have detailed explanations: E0107, E0412, E0425, E0432, E0433, E0603.
[INFO] [stdout] 
[INFO] [stdout] For more information about an error, try `rustc --explain E0107`.
[INFO] [stdout] 
[INFO] [stderr] error: build failed
[INFO] running `Command { std: "docker" "inspect" "ead4cf3b020826c83ce95858e01087f836f0f68f42fc74ca1387092127853429", kill_on_drop: false }`
[INFO] running `Command { std: "docker" "rm" "-f" "ead4cf3b020826c83ce95858e01087f836f0f68f42fc74ca1387092127853429", kill_on_drop: false }`
[INFO] [stdout] ead4cf3b020826c83ce95858e01087f836f0f68f42fc74ca1387092127853429
